n base 7, what is 1 - 143665?
-143664
In base 6, what is -1324412 + 5?
-1324403
In base 14, what is 18 - 57a?
-562
In base 4, what is 1012303 + -232?
1012011
In base 6, what is 431 - -1242?
2113
In base 2, what is -1 + 101001111001011010?
101001111001011001
In base 12, what is -47bb12 - -2?
-47bb10
In base 15, what is -1b812 + 2?
-1b810
In base 15, what is -24 - 1a1?
-1c5
In base 11, what is -1 - 398471?
-398472
In base 2, what is 1 + 1100111000111000?
1100111000111001
In base 7, what is -41543 + -2?
-41545
In base 16, what is -11 - -b5a?
b49
In base 9, what is -31 - -11583?
11552
In base 10, what is 5 + 56269?
56274
In base 12, what is -4 - 6368?
-6370
In base 5, what is 3004 + -300?
2204
In base 10, what is -49 - -3561?
3512
In base 11, what is 78a + 379?
1058
In base 2, what is -110 + 10100001001000111?
10100001001000001
In base 14, what is -16b9 - -32?
-1687
In base 12, what is 13 + -311a?
-3107
In base 10, what is -30 + -16227?
-16257
In base 16, what is 2c4 + 342?
606
In base 2, what is 101010101100 - 1?
101010101011
In base 9, what is 12272 + 26?
12308
In base 14, what is 0 - -4290?
4290
In base 15, what is 4 + -66361?
-6635c
In base 15, what is -1b - -60c?
5e1
In base 5, what is 14 + 1302310?
1302324
In base 2, what is -10 - 11001100100?
-11001100110
In base 14, what is 1 - 231d?
-231c
In base 4, what is -2110222110 - -2?
-2110222102
In base 9, what is 141181 - 80?
141101
In base 16, what is 143 + 7f?
1c2
In base 12, what is -737 + 84?
-673
In base 15, what is 1a + -48a?
-470
In base 4, what is 10 + -12301200?
-12301130
In base 8, what is 3 - 44173?
-44170
In base 10, what is 40340 + 42?
40382
In base 14, what is 13 + 907?
91a
In base 6, what is 3240 + 231?
3511
In base 4, what is -2013 - -32123223?
32121210
In base 8, what is 7 - -22663?
22672
In base 11, what is -16 - 13923a?
-139255
In base 5, what is 20313 + 10232?
31100
In base 2, what is -101 - -101100000001100?
101100000000111
In base 3, what is 1 + -2000110001?
-2000110000
In base 3, what is 1010 + 111210212?
111211222
In base 7, what is -35520 - -1?
-35516
In base 15, what is 187cbb + 0?
187cbb
In base 12, what is -2 - b308?
-b30a
In base 4, what is -3 - -3030031?
3030022
In base 4, what is -2221 - -31321?
23100
In base 16, what is 4f09f - 0?
4f09f
In base 7, what is -2561 - 45?
-2636
In base 6, what is 2114 + 3031?
5145
In base 7, what is -2654 + -52?
-3036
In base 12, what is -1357a - -51?
-13529
In base 11, what is -7 - 2273?
-227a
In base 9, what is 2 + -20364?
-20362
In base 14, what is -21 + -abb?
-adc
In base 13, what is a7 + 13405?
134ac
In base 13, what is -2 + 1c06?
1c04
In base 3, what is 1220011 - -10?
1220021
In base 14, what is 71db - 7?
71d4
In base 11, what is -4 - -223362?
223359
In base 3, what is 1201002102211 - 11?
1201002102200
In base 16, what is -6ea9d + -3?
-6eaa0
In base 11, what is -3044 + 559?
-2596
In base 2, what is -1000111000100 - 1011111101?
-1010011000001
In base 5, what is -112121 - -3?
-112113
In base 13, what is 1 - -433c?
4340
In base 3, what is -102112 - 1001212?
-1111101
In base 8, what is 31120 - 4?
31114
In base 5, what is -2 - -10433144?
10433142
In base 16, what is 18 + 523?
53b
In base 9, what is 4413 + -18?
4384
In base 12, what is 29ba0 + 1?
29ba1
In base 14, what is 1d3 + -287?
-94
In base 13, what is 2 + 2192?
2194
In base 6, what is -2 + 113002?
113000
In base 2, what is 10110010011001100101 - -11?
10110010011001101000
In base 10, what is -194 - 73?
-267
In base 5, what is 10 - -2334333?
2334343
In base 3, what is 10101212120 + 20?
10101212210
In base 13, what is -b0 - c496?
-c576
In base 13, what is 4 - -420b5?
420b9
In base 9, what is 15217607 + 2?
15217610
In base 4, what is -21310300 + -10?
-21310310
In base 11, what is -2 - -a332?
a330
In base 7, what is -2105 + 23?
-2052
In base 12, what is 3 - -111376?
111379
In base 11, what is 9412a + -3?
94127
In base 5, what is 131344114 - -3?
131344122
In base 2, what is -101 - 10100011000010?
-10100011000111
In base 4, what is -3100203113 + 0?
-3100203113
In base 12, what is 148141 - -5?
148146
In base 7, what is 0 + 506660?
506660
In base 9, what is 2 + 30885?
30887
In base 12, what is 7a407 + 4?
7a40b
In base 8, what is 5 - 1633031?
-1633024
In base 2, what is 100010111 - -111100?
101010011
In base 7, what is -14513 - -30?
-14453
In base 11, what is -7 + -95154?
-95160
In base 8, what is 41213 + -11?
41202
In base 13, what is 1599 + 2?
159b
In base 16, what is -15bc + 18?
-15a4
In base 7, what is 52163 + -40?
52123
In base 14, what is 781 - -4?
785
In base 5, what is 131 - 123?
3
In base 10, what is 20 - 42856?
-42836
In base 16, what is 1e2d8 + 0?
1e2d8
In base 14, what is -9 - 381?
-38a
In base 2, what is 1000 + 110101111110011110?
110101111110100110
In base 14, what is 4 + 800c6?
800ca
In base 10, what is -5 - 16395?
-16400
In base 4, what is -20203212 + -10?
-20203222
In base 8, what is -215 - -13223?
13006
In base 4, what is -3 + 100301222?
100301213
In base 15, what is c - -2d4e9?
2d506
In base 13, what is -10a - 221?
-32b
In base 12, what is -439 + -40?
-479
In base 8, what is 20 + -1574?
-1554
In base 10, what is -49 - -980?
931
In base 14, what is -34b0a + 1?
-34b09
In base 3, what is 20211 - 2102?
11102
In base 7, what is -12 - -1406301?
1406256
In base 10, what is 1 - -46758?
46759
In base 7, what is 24 + 3325?
3352
In base 3, what is -12 + -1202210111?
-1202210200
In base 14, what is 10 - -8da?
90a
In base 11, what is -1302 + -1a?
-1321
In base 8, what is 6405 + 16?
6423
In base 8, what is -2075 + 1?
-2074
In base 9, what is 0 - -42111?
42111
In base 10, what is -103 + 561?
458
In base 6, what is 2 - -505531?
505533
In base 8, what is -11431 + -70?
-11521
In base 6, what is -5244 + 425?
-4415
In base 16, what is -9 + 6c1?
6b8
In base 2, what is -100001001110 - -11?
-100001001011
In base 4, what is -131200 + -122022?
-313222
In base 6, what is -42041 - 2225?
-44310
In base 10, what is -653 - -32?
-621
In base 5, what is 4 + -13430430?
-13430421
In base 13, what is 1 - -67ba?
67bb
In base 15, what is ec2 - -201?
11c3
In base 9, what is 21 + -8654?
-8633
In base 12, what is 438 + -747?
-30b
In base 16, what is 1c07 + -b1?
1b56
In base 7, what is -1 - 1134?
-1135
In base 15, what is -5c - -2db?
27e
In base 13, what is -3 - 78973?
-78976
In base 4, what is 111131033 - 20?
111131013
In base 4, what is -2110012131 + 0?
-2110012131
In base 5, what is 41 - 1220012?
-1214421
In base 8, what is -5 + 243037?
243032
In base 9, what is 208 - -7360?
7568
In base 7, what is 352 - -35?
420
In base 10, what is 213419 + -3?
213416
In base 11, what is 38899 + 3?
388a1
In base 10, what is -2878953 - -1?
-2878952
In base 14, what is 116 - -152?
268
In base 10, what is -25 - 2442?
-2467
In base 3, what is -2 - -1121101000?
1121100221
In base 7, what is -3053156 - 5?
-3053164
In base 4, what is 12232100122 + 0?
12232100122
In base 5, what is 203 - -321110?
321313
In base 3, what is -2000211101111 - 11?
-2000211101122
In base 14, what is -38834 - 0?
-38834
In base 4, what is -22312 - -113?
-22133
In base 10, what is -4 + 4238?
4234
In base 15, what is -34e + de?
-260
In base 10, what is 5 + -559638?
-559633
In base 11, what is 242012 - -2?
242014
In base 6, what is 0 + 11031434?
11031434
In base 4, what is 30 - -11013200?
11013230
In base 8, what is 0 + -61617?
-61617
In base 6, what is 5050412 - -5?
5050421
In base 10, what is -389 - 269?
-658
In base 16, what is 76d6 - 62?
7674
In base 6, what is 501323 - 5?
501314
In base 11, what is 786 - 39?
748
In base 6, what is 250 + -3133?
-2443
In base 8, what is 3051 - 26?
3023
In base 13, what is 10 - 16?
-6
In base 5, what is -3030 - 12024?
-20104
In base 7, what is 12 - 3133?
-3121
In base 8, what is 43472726 + -5?
43472721
In base 9, what is 122 + 144?
266
In base 2, what is 1 - 11110001011011001?
-11110001011011000
In base 12, what is 98 - a8?
-10
In base 7, what is 12563345 + 3?
12563351
In base 12, what is -11538 - -3?
-11535
In base 8, what is 214 + 75?
311
In base 2, what is -10011011 - 101000011?
-111011110
In base 9, what is 272 + -250?
22
In base 9, what is -283200 + -1?
-283201
In base 3, what is 1020100 + 20012?
1110112
In base 4, what is -11033 + 212210?
201111
In base 10, what is 290453 - -3?
290456
In base 3, what is -21 + 1001